
-6
Calculate (9 + -8 - 2) + -7.
-8
10 + -19 - (12 - 16)
-5
What is the value of -14 - ((-3 - 14) + 19)?
-16
What is -11 + (-1 - 8 - -5) + (-1 - -6)?
-10
What is the value of -10 - ((-28 - -4) + (-5 - 1))?
20
What is -29 - -18 - (-5 + -11)?
5
Evaluate -84 + 86 - (7 - 31).
26
Evaluate -357 + 337 + (0 - -32) + -9.
3
-3 + 10 + -12 + 0 + 2 - -5
2
Calculate (-408 - -383) + -1 + -5.
-31
What is the value of -4 - -4 - (13 + (13 - 43))?
17
Evaluate 2 - (-6 - 0 - 3 - (6 + -3)).
14
Evaluate -4 - (-15 + -2) - (7 + -1).
7
What is the value of (21 + -19 - -5) + -19?
-12
What is (3 - (1 - -1)) + (-25 + 2 - -22)?
0
What is -15 - -8 - ((2 - 0) + -7)?
-2
(5 - -2) + 14 + -4
17
(23 - 28) + (-5 - (2 - 4)) - -11
3
What is 1 - -6 - (-14 + 15 + -9)?
15
Calculate (-2 - -1) + -8 - (-4 + (-8 - -2)).
1
-8 + -1 + 24 + -15 + 10
10
What is 8 + -1 - (-17 - (-14 + 4))?
14
Calculate -9 - (-2 - 12 - (-17 + 15)).
3
9 + (-5 + -7 + 1 + -1 - -37)
34
-28 + (-17 - -4 - -12 - (-3 + -7))
-19
Calculate -2 - -4 - (11 + -19).
10
8 + (4 + -9 - 4) + -2 + -13
-16
Evaluate -26 - (35 - 16 - 34).
-11
Calculate -12 + 22 - (9 - 7).
8
Calculate (92 - 110 - (-29 - 0)) + -24.
-13
(-2 - 3 - -15 - 3) + -5 - -6
8
Calculate (19 + (4 - (4 + -6)) - 5) + -4.
16
What is the value of -8 + (-15 + 23 - (9 - -3))?
-12
What is (692 - 698) + (0 - -15 - 0)?
9
What is the value of -11 + 2 + -20 + 20?
-9
0 + (-23 - (-3 + -17 - -13))
-16
Evaluate -29 + (15 - 17) + 23.
-8
Calculate -37 - (21 + (2 - 52)).
-8
Evaluate -13 - (-4 - -5 - (12 - 4)).
-6
Evaluate 23 - 17 - (-5 - (-2 + -1)) - 1.
7
What is the value of 0 + 9 + -1 - (2 + (-5 - 8))?
19
(15 - (-9 - -18)) + (-5 - 1) + -10
-10
(6 - 1 - 0 - (3 - 0)) + -3
-1
Calculate -11 + 11 + 13 + -1 + 0.
12
What is the value of 5 + -1 - ((-45 - -20) + 27)?
2
Evaluate 26 + 29 + -59 - 24.
-28
1 - -5 - (-26 + 27 - -11) - 5
-11
2 - (-45 + 31 - (0 + -6) - -6)
4
What is the value of 10 - (27 + (6 + -10 - -3))?
-16
Evaluate 5 + (13 - 19 - -2 - (2 + -12)).
11
Calculate -10 - ((4 - 3) + -15).
4
33 + -28 + (-38 - -12)
-21
(-9 - -11) + -7 - 6
-11
What is the value of -4 - (10 + -11 + 12) - (-1 + -2)?
-12
What is the value of -26 - (24 + -22) - (0 - 10)?
-18
What is 1 + -6 - -2 - -8?
5
What is -11 + (61 - 63) + (0 + -2 - -3)?
-12
What is the value of -32 - ((-2 - 36) + 23)?
-17
What is the value of -1 + -16 + 20 - -5?
8
(30 - 4 - 90) + 39
-25
Calculate (3 - -7) + (-5 - -6) - 2.
9
What is the value of 18 - 17 - (-8 + -4 + -9 + 10)?
12
-1 + 12 - (5 - (-7 + -5 + -5))
-11
Calculate (2 - -1) + -3 - (-1 + 8 - 3).
-4
Evaluate -22 + -10 + 48 - -16.
32
Calculate -2 + (10 - 15) + -1 + 11 + 6.
9
What is (169 - 176) + (0 - 4)?
-11
What is the value of 3 + (-3 - (-11 - (3 + -11)))?
3
10 - (18 - 17 - (1 - -1) - 7)
18
Calculate 1 + 24 + (165 - 181).
9
Calculate -18 + -7 + 22 - -22 - -2.
21
What is (10 - -1) + (-2 - (2 - 3))?
10
Calculate -43 + 95 - 56 - (-14 - 0 - 0).
10
Evaluate 6 + -4 + -9 + (14 - 5).
2
-11 + -4 - -14 - 11
-12
-13 + 23 - (-8 + 29)
-11
Evaluate (3 - (9 - -7) - (9 - 1)) + 2.
-19
Evaluate 20 + -11 + 17 + -14 - 7.
5
-13 + (-5 - -17) - (-7 + 0 + -1)
7
(-223 - -222) + (0 - 19)
-20
What is 41 + (-515 - -502) + (0 - -1)?
29
What is the value of 129 - 108 - (1 + 22)?
-2
What is (-3 - 2) + (17 - 19) + 14?
7
Calculate -4 + -18 - (-6 - 8).
-8
Calculate (-28 + 23 - -5) + -10 + 2 + -17.
-25
-1 + (17 - -1 - (6 - (4 + -2)))
13
Evaluate -58 - (35 + (-43 - 10)).
-40
Calculate -5 - (-13 - 1 - -7) - (-2 + 7).
-3
Calculate (83 - 76) + (-15 - (1 - -1)).
-10
-15 + 5 + (6 - 5)
-9
(-9 - -34 - 34) + (-14 - (1 - 0))
-24
What is the value of 16 - (-7 - (-24 + -4))?
-5
Evaluate -32 - (-12 + -34) - 44.
-30
Calculate -17 - (-10 - (-29 - -20 - -7)).
-9
Evaluate (10 - (6 - -12)) + -3 + 13 + 2.
4
20 - -1 - (-418 - -406)
33
-4 + 1 + (0 - 0) + -2 + 3
-2
What is 279 - 278 - (7 - (1 + -4))?
-9
What is 4 + 3 - (-11 - -26) - -13?
5
What is (6 - 10) + -6 - (36 + -38)?
-8
-8 - 1 - (-10 + 3 + -1 + 8)
-9
10 - (-22 - (-6 + -19))
7
Calculate (0 - -9) + 0 + -6.
3
-25 + (16 - ((12 - 4) + -8))
-9
Calculate (-21 + 1 - -9) + (5 - -2) - 5.
-9
Calculate -7 + (-6 - -15 - 18) + 6 + 4.
-6
What is -3 - (3 + 15 + -13) - 14?
-22
What is 26 + (-9 - (5 + 11))?
1
13 + -6 + (-1 - -2)
8
Calculate 0 + 2 + -2 + -8 + 7.
-1
Calculate -6 + 3 + 9 + -7.
-1
Calculate -8 + 11 + -8 + (-4 - -1).
-8
43 - (2 - (-24 - -1))
18
-1 + 10 + -1 - -5 - (1 - 5)
17
Calculate -25 + 49 + -18 - (24 + 1).
-19
(-12 + 12 - -2) + -2 - (0 + 19)
-19
-24 + 51 + -15 - 21
-9
(6 - (-8 + 31 + -8)) + 9
0
Calculate -1556 + 1591 - (26 - 1).
10
12 + 1 - (7 + 0)
6
What is 3 + (3 - (3 + -2)) + (-169 - -168)?
4
Evaluate 1 + 0 + -5 + -4 + 5.
-3
What is -13 + (-8 - -29) + -29?
-21
What is -5 - ((-1 - (-1 - 3)) + 4 - 5)?
-7
Calculate (-1 - 15) + -3 + 16 + (-6 - 1).
-10
(18 - 0) + (185 - 214)
-11
Calculate 0 + 2 + 20 + -37.
-15
What is 25 + -22 - -7 - 6?
4
Evaluate 3 + (-4 - -10) + (-1 - 5) - 2.
1
What is the value of 162 - 164 - (2 + (-3 - 3))?
2
Evaluate 203 - 205 - (11 + 1).
-14
What is -279 + 319 + -1 + -22?
17
What is the value of -10 - (17 + -5 + -19)?
-3
What is the value of (0 + 0 + -8 - 14) + 2 - -4?
-16
Evaluate 9 + (3 - (4 + -2)) + -3.
7
2 - -1 - (7 + (-2 - -10)) - -5
-7
What is the value of -9 + (21 - 5) + (-1 - 4)?
2
What is the value of 4 - (-1 - 1) - (39 - (-7 - -31))?
-9
What is the value of 4 - (-2 + 34 + -12)?
-16
Calculate 43 + -2 + 1 - (-37 + 1 + 47).
31
Calculate -24 + 0 + (6 - 13) + (1 - 1).
-31
What is the value of -14 + (4 - 3 - -5 - -1)?
-7
What is the value of 8 + -3 + 0 + 4 + -2 + 18?
25
What is the value of (27 - (27 + -19)) + -7 + 11?
23
Evaluate ((-1 - 5) + 9 - 2) + 8.
9
What is (-4 - (-5 + 0)) + 7 + (-8 - -8)?
8
What is (-1 - (5 - -3)) + 4 + 1?
-4
What is the value of -17 + (-9 - -68) - 23?
19
17 + -26 - (2 + 2 + 8)
-21
Calculate (9 - (16 + -9)) + 3 + -9 + -1.
-5
-3 - -11 - (-4 + 8) - 17
-13
(-8 - -4) + (3 - 4) + 7
2
Calculate 2 - 6 - (5 + (7 - (1 + 5))).
-10
What is -225 + 228 + 2 + -34?
-29
24 - (5 + -9 + 3 + 0 + 1)
24
What is 24 - (12 - (20 + -5 - (-7 + 2)))?
32
What is (17 - -1) + 11 + 15 + -32?
12
What is the value of 5 + 0 + 11 + (-37 - -4)?
-17
What is the value of 3 + (10 + -19 - 8)?
-14
Evaluate -218 - -222 - (-26 + 5).
25
What is the value of (5 - (0 - -2)) + -12 + 47 + -49?
-11
What is the value of -19 + (12 - 0) - -1 - -10?
4
What is -23 - -8 - (-32 + -15 - -7)?
25
What is 0 + (-9 - -22) + -12 + (3 - -27)?
31
What is the value of -18 - (6 - ((-7 - -20) + 1))?
-10
What is the value of -5 - (-18 + 1) - (4 + -11) - 6?
13
What is the value of (27 + -13 - 1) + (-2 - (0 + 4))?
7
-1 + -7 + (-13 - -9) + 8 + -5
-9
Evaluate -26 + -11 + 9 - -22.
-6
Evaluate -22 + (25 - (13 + -12 + 12)).
-10
What is the value of 1 + (9 + -19 - -26) - (-1 - -4)?
14
What is 13 - (-861 + 872 + -7 + -1 + 0)?
10
3 - ((-1 - -2) + (10 - 18))
10
What is the value of -32 - (32 - 56) - (-26 - 2)?
20
Calculate 23 + (1 - (-6 - -9)) - (-14 - -16).
19
What is 4 - (-6 - ((1 - 2) + 10 + -10))?
9
Calculate 1 - -22 - (0 + -6 + 3 - 5).
31
Evaluate -2 + -17 + 44 - 14.
11
11 + (2 - -4) - (-14 + 59)
-28
What is (-1 - 5) + (-1 - -2) + 2 - 3?
-6
What is 5 + 1 + -6 + 13 + -1?
12
Evaluate 0 - (11 - (17 + -7)).
-1
Calculate -11 + 19 + -1 + -15 + 3.
-5
What is -8 + 1 - (-9 + -23 + 27)?
-2
What is -35 + 16 + -25 + 55?
11
What is the value of -31 + 1 + (-12 - -17) - (4 - 11)?
-18
Evaluate 8 - ((-3 - 7) + (-12 - -10)).
20
What is the value of -2 + 0 - 7 - (-78 + -14 + 53)?
30
What is -29 - -35 - (-8 - 2)?
16
-14 - (12 + 13 + -50 - -3)
8
Evaluate 8 + -43 + 60 + -2 + -27.
-4
-14 + 18 + -10 - -7 - 2
-1
5 - (34 - 51 - -23)
-1
-2 + -13 - (14 - 14)
-15
What is 20 + -2 + -4 + (-6 - -18 - 6)?
20
Evaluate (-1 - -1) + (4 - (-7 + 6)).
5
What is (-5 - 12) + 3 + 83 + -54?
15
What is the value of 2 + -8 - ((10 - -1) + 3 + -4)?
-16
What is the value of 8 - (3 + 0 + 1 + -2 + 2)?
4
What is 23 + -5 + 5 + (-12 - -14) + -6?
19
Calculate (97 - 121) + 1 + 17.
-6
What is the value of 19 + (3 - 18) - -10?
14
Evaluate -7 - 4 - (38 - 59).
10
Evaluate -3 - (18 + -31 + 5).
5
-29 - (26 - 31) - -21
-3
Evaluate 40 - (28 + -19 - -9).
22
(-3 - -12) + -1 + (44 - 41)
11
1 + (-9 - 7) + 8
-7
Calculate -9 - 0 - (15 + (-47 - -16)).
7
Calculate (2 - 8) + -10 + (6 - 1).
-11
Calculate -7 - (-5 - -5) - (-20 - -14).
-1
What is 7 - (8 - (9 - 1)) - (-4 -